+ 4*z(s). Give g(9).
17
Let b(n) = 35*n**3 - 2*n**2 + 6*n + 17. Let w(a) = 2*a**3 + a + 3. Let y(q) = b(q) - 5*w(q). Give y(-1).
-26
Let p(m) be the third derivative of m**4/24 - m**3/3 - 75*m**2 + 3. Calculate p(-8).
-10
Let v(b) = -b**2 - 7*b - 4. Let f(m) = 3*m**2 + 20*m + 11. Let w(j) = -6*f(j) - 17*v(j). Calculate w(0).
2
Let l(b) = 19*b + 170. Let r be l(-9). Let i(z) be the second derivative of -z**5/20 + z**4/12 - z**2/2 + z. Calculate i(r).
1
Let b(q) = -q**2 + 9*q - 5. Let z(g) = g**2 + 5*g - 4. Let c be z(-6). Suppose 0 = -3*o - c*t + 31, -2*o + 30 = 3*o - t. Calculate b(o).
9
Let t be (1 - 1 - -3) + 2. Let d(v) = 8*v + 3. Let l(f) = -11*f - 6. Let y(g) = -3*d(g) - 2*l(g). Calculate y(t).
-7
Let y(o) = -1 + 2*o - 10*o + 2*o - o. Give y(4).
-29
Let p(l) = 8*l + 11*l - 2 + 6*l + 4*l - 44*l. Give p(2).
-32
Let s(t) = 4*t**2 + 2*t - 1. Suppose -1 = -2*r + 4*j + 5, -4*j = -4*r + 8. Let p(d) = -2*d + 3. Let l be p(r). Determine s(l).
5
Let a(f) = -f**3 + 10*f**2 - 17*f + 9. Let b be a(8). Let o be ((-14)/3 + 5)*(7 - b). Let y(t) = -2*t**2. Determine y(o).
-8
Suppose 22 = 5*g + 4*t, 2*t - 14 = -4*g - 3*t. Let c(i) be the first derivative of i**4/4 - 7*i**3/3 + 3*i**2 - i + 4. Calculate c(g).
-1
Suppose 66 = -0*c + 6*c. Let n(s) = 2*s**2 + 5 - s**2 + c - 12 + 8*s. Determine n(-4).
-12
Suppose 96 = z + 4*z - k, 3*z = 4*k + 61. Let d = z - 9. Let l be d/3 + (-2)/(-3). Let g(i) = -i**3 + 4*i**2 - i - 2. What is g(l)?
-6
Let q be (110/165)/((-2)/3). Let u(o) = -4*o - 2. Let a(v) be the third derivative of -v**4/24 - v**3/6 + v**2. Let d(w) = q*u(w) + 3*a(w). What is d(-5)?
-6
Let t(p) = p - 17. Let y(a) = 4*a - 48. Let v(b) = 14*t(b) - 5*y(b). Give v(-1).
8
Suppose 2 + 13 = 5*v. Let x(c) = c**3 - 3*c**2 + c. Give x(v).
3
Suppose 3*q = 16*q - 65. Let x(w) = w**3 + 13*w**2 - q*w**2 - 12*w + 11*w. Calculate x(-8).
8
Let s(f) = 4*f**3 + 2*f**2 + 3*f - 6. Let y(z) = -3*z**3 - z**2 - 2*z + 4. Let h(l) = -5*s(l) - 7*y(l). Give h(3).
-1
Let f(g) = -5*g**2 + 18*g**3 + 9*g - 19*g**3 - 3*g + g**2 - 5 - 2*g**2. Determine f(-7).
2
Let z(f) = -f**2 + 9*f - 9 + 3 + 1 + 12 + 4. Suppose -4*h + 3*w + 29 = -0*w, h - w - 7 = 0. What is z(h)?
19
Let i(h) = -h**2 + 7. Let q(m) = -30*m + 184. Let v be q(6). Give i(v).
-9
Let j(l) = 3*l**2 + 131*l**3 - 2*l - 4 - 253*l**3 + 123*l**3. Determine j(-5).
-44
Let n(t) = -t**2 - 5*t - 2. Let g = -46 + 55. Suppose -g*j + 26 = 71. What is n(j)?
-2
Let l(x) = x**3 - 9*x**2 + 8*x + 10. Let p be 35/(-70)*(1 - (28 + -1)). Suppose -15*q = -p*q - 16. Determine l(q).
10
Let p(l) be the third derivative of -l**4/24 + 11*l**3/2 + 59*l**2 + 6. What is p(24)?
9
Let b(d) = d**3 - 3*d**2 - 5*d - 2. Let t(f) = 2*f + 2. Let j be t(2). Let q = 11 - j. Suppose -q = -3*o + 7. Determine b(o).
-6
Let r be (5 + (8 - 5))/((-2)/(-3)). Let v(m) = r + 3*m - 9 - 7. Give v(3).
5
Let w(h) = h**3 - 4*h**2 + 2*h - 5. Let r(u) = -29*u**3 + 2*u**2 - 3*u + 2. Let l be r(1). Let o be (6/(-4))/((-9)/12). Let s be (-154)/l - 3/o. Calculate w(s).
3
Let z(j) = -j + 3*j - 6*j + 7*j - j + 7. Give z(-5).
-3
Let w(d) = 962 - 3*d**3 - 323 - 316 - 325 - d**2 - 2*d. What is w(-1)?
2
Let f = -1 - -4. Let u(g) = -g**2 - f*g + g + 1 + 4*g + 3. Let b be 46/14 - (-4)/(-14). Calculate u(b).
1
Let y(p) be the second derivative of -p**3/2 - 3*p**2 - 93*p - 1. What is y(9)?
-33
Let o(i) = -i**2 + i. Let x = -237 + 240. Give o(x).
-6
Let s(v) be the second derivative of v**5/20 - 25*v**4/12 + v**3/6 - 15*v**2 - 106*v + 1. Give s(25).
-5
Let q(z) = -7 - 17*z**2 + 10*z + 10*z + 0 - 3*z + z**3 - 3. Determine q(16).
6
Let l(u) = u**2 - 68. Let w be (17 - 11) + 1 - (0 - 1). What is l(w)?
-4
Let l(q) = -q - 4. Let h(s) = 4*s**3 - 2*s**2 + 2*s. Let c be h(1). Suppose 3*v = -5*y + 8*v - 5, v = c*y + 13. Give l(y).
0
Let n(y) be the second derivative of -y**3/6 + 13*y**2/2 - 6*y + 6. Determine n(5).
8
Suppose -6*u = -u - 2*f + 26, -2*f = -u - 2. Let p be (-8)/(-12)*u - -3. Let j(m) = -11*m**3. Determine j(p).
11
Let i(m) = -3 + 53*m**2 - 29*m**2 - 23*m**2 - 15*m. Determine i(15).
-3
Let b(v) be the first derivative of v**2/2 + 4*v - 179. What is b(-13)?
-9
Let q(u) = -7*u**3 - 9*u**2 + u + 2. Let r(w) = w**3 + 3*w**2 + w. Let y(v) = q(v) + 6*r(v). Give y(10).
-28
Let w(a) = a**2 - a. Let u(g) = -4*g**2 + 11*g + 8. Let r(y) = -u(y) - 5*w(y). Let t = -72 - -66. What is r(t)?
-8
Let a = 12 - 6. Let s(w) = -a*w**3 + 1 + w + 0*w + 21*w**3. Suppose 5*r = 4*i + 23, -23*i = 5*r - 19*i + 33. Calculate s(r).
-15
Let b(v) = 3*v**2 - 2*v + 1. Let a = 12 - 4. Suppose -4 = -4*g + k + a, 4*g - 8 = 2*k. Suppose -q - g = -5*q. Determine b(q).
2
Let w = -58 - -77. Suppose -3*c + w = 4*n, 4*n - 22 = -n - 2*c. Let o(g) = g**3 - 5*g**2 + 1. Give o(n).
-15
Let i(a) = a**2 - 5*a - a + 12 - 1. Suppose 9*c = 356 - 311. Determine i(c).
6
Suppose 0 = 4*m - 4*z - 28, -3*m - z - 4*z + 13 = 0. Let u(j) be the second derivative of 5/12*j**4 - 1/2*j**2 + 0 + 5/6*j**3 - 1/20*j**5 + 17*j. Give u(m).
-7
Let n(t) be the second derivative of t**6/360 - t**5/20 - t**4/8 - 11*t**3/6 + 14*t. Let i(f) be the second derivative of n(f). Give i(5).
-8
Suppose 4*s - 2*p = -8, -s - 2*p = s + 10. Let c(d) be the first derivative of d**3/3 + 5*d**2/2 + d - 10. Calculate c(s).
-5
Suppose -2*w + 16 = 5*k - 3*k, -5*k + 41 = 4*w. Let y(t) = 0*t - t**2 + 3*t + k*t - 7*t + 3. Calculate y(6).
-3
Let a(o) be the second derivative of 2*o + 0 - 1/3*o**4 + 0*o**2 - 1/2*o**3. Let w = 661 - 663. Determine a(w).
-10
Let c(j) = -2*j + 12*j - j - j - 3*j + 3. Give c(7).
38
Let f = 14 + -13. Suppose f + 9 = 5*t. Let c(l) = 9*l**2 - 3*l + 2. Let a(y) = 36*y**2 - 13*y + 9. Let k(j) = t*a(j) - 9*c(j). Give k(-1).
-10
Let v be (-14)/4*(8 - 416/56). Let s(f) be the second derivative of -f**4/12 - f**3/6 - f**2/2 - f. Give s(v).
-3
Let u(g) = -g**3 + 4*g**2 + 4*g - 2. Let v be u(5). Let x(c) be the second derivative of c**4/12 + 5*c**3/3 + 4*c**2 + 196*c. Determine x(v).
-13
Let f(c) = -c**2 + 13*c - 6. Let q be f(12). Suppose q*a = 10*a. Let x(r) = r**2 - 2. Determine x(a).
-2
Let u(i) = -3*i**2 - i**2 - i - 5 + 4*i**3 - 3*i**3 + 0*i**3. Let g(z) = -z - 10. Let d be g(-12). Suppose 0 = d*p - 3*c + 1, 2 = 3*p - p - 2*c. Calculate u(p).
-9
Let z(y) = -2*y**2 - 2. Let h = 20 + -13. Suppose -h*u - 18 = -u. Give z(u).
-20
Let h(m) = -6*m**3 + 1. Suppose 2*i = 3*i - 4. Suppose -i = -b - 3. Suppose f = 2*f + b. Determine h(f).
7
Let p(i) = -7*i**2 - i + 1. Let c be (8 - 7) + -10 + 1. Let b(m) = m**3 + 9*m**2 + 7*m - 7. Let w be b(c). Determine p(w).
-7
Let m(c) be the first derivative of -c**5/20 - c**3 - 5. Let d(p) be the third derivative of m(p). Suppose 0 = 3*s - n - 6, 2 = -0*s - s - n. Give d(s).
-6
Let k(o) be the first derivative of -o**3/3 - 5*o**2/2 + 2*o + 6. Let i be (12/(-2))/3 - -9. Let s = 3 - i. Give k(s).
6
Let c be (2/3)/((-53)/159). Let q(l) = -l**2 + 3*l + 1. What is q(c)?
-9
Let c be (-2)/5 - (-37)/5. Suppose 123 = -12*w + 147. Let v(i) = 0 - 12 + c - w*i. Calculate v(-5).
5
Let k be -4 - 40/(-12)*9/2. Suppose 3*r - 4*r - s - k = 0, -3*r + s - 13 = 0. Let i(c) = c**2 + 5*c - 7. Calculate i(r).
-1
Let w(g) = 16*g - 169. Let f be w(11). Let u(i) = i - 2. Calculate u(f).
5
Let b(j) = -j**2 + 12*j. Let c(w) = -2*w**2 + 21*w + 1. Let l(q) = 5*b(q) - 3*c(q). Determine l(5).
7
Let q(h) = -h**3 + h + 1. Let a(r) = 3*r - 3*r - 12 - 3*r. Let d be (2 + -10)/((7 - 6) + 1). Let b be a(d). What is q(b)?
1
Suppose -8*z + 11*z - 9 = 0. Let b be (-160)/(-72) - 2/9. Let r(p) = -b*p**z + 8*p - 7*p - 2*p. Calculate r(1).
-3
Suppose -2*y + 6*b - 2*b = -76, 4*b + 46 = y. Let a = y - 21. Let f(s) = s**3 - 10*s**2 + 10*s - 7. What is f(a)?
2
Let a(k) = -k**2 - 23*k + 22. Suppose 2*v + 4*g = -56, 7 - 1 = -3*g. Let p be a(v). Let w(q) = 1 + 3 - 1 + q. Give w(p).
1
Let g(l) = l - 6. Let m be g(6). Let u(c) = -5*c - c**3 + 0*c**2 - 3 - 5*c**2 + m*c. What is u(-4)?
1
Let z(v) = v**2 + 2*v + 7. Let b(p) = 6*p**2 + 15*p + 37. Let y(j) = 2*b(j) - 11*z(j). Suppose -3 = 4*l + 25. What is y(l)?
-10
Let o(u) = 5 + 3*u + 5*u - 5*u - u - u. Suppose 0*p + 3*p = -21. Give o(p).
-2
Let r(c) be the first derivative of c**5/60 + c**4/3 + c**3/3 - 7*c**2 + 3. Let p(s) be the second derivative of r(s). Calculate p(-7).
-5
Let z(f) be the first derivative of 1/2*f**2 + 28 + 1/3*f**3 -